 and a.
18
Let k(h) = 71*h + 1. Let p = 25 + -24. Let f be k(p). Calculate the greatest common factor of 9 and f.
9
Let o = -81 - -145. Let g be 8*(-5)/((-10)/2). What is the highest common divisor of o and g?
8
Suppose w - 18*w = -7293. Calculate the highest common factor of 117 and w.
39
Suppose -q - 88 = -261. Suppose 2*r + 2*f + 1 = 73, -5*r + 2*f = -q. Suppose 5*d = 4 + 31. What is the highest common divisor of r and d?
7
Suppose 103*t = 107*t - 240. Let h(d) = -7*d - 1. Let s be h(-3). Calculate the greatest common divisor of t and s.
20
Let m be (-3)/9 + 16/3. Suppose r + 5*i - 30 = 0, m*r - 3*i - 8 - 2 = 0. Calculate the greatest common factor of 50 and r.
5
Let f = -78 - -82. Suppose -2*d - 2*j - j + 291 = 0, 0 = -5*d + 3*j + 717. Suppose 2*s - 6*s = -d. What is the greatest common factor of f and s?
4
Let y be ((-12)/(-20) - 943/5)*-2. Calculate the greatest common factor of 141 and y.
47
Let s(m) = -m**2 + 12*m - 13. Let h be s(9). Let d = 860 + -790. Calculate the greatest common factor of d and h.
14
Let y(w) = w**2 - 9*w + 12. Suppose 0 = 11*r - 4*r - 63. Let z be y(r). Calculate the greatest common divisor of 48 and z.
12
Let u be (6/(-10))/(3/(-15)). Suppose 2*x + 3*q + u = 0, 34 = -x + q + 4*q. Let n be (x/(-12))/(1/8). What is the greatest common factor of 24 and n?
6
Let s(n) = -5*n + 4. Let p be s(-4). Let x(j) = 7*j**2 - 3. Let w = 4 - 1. Let i be x(w). What is the highest common factor of p and i?
12
Suppose 2*m - m - 5*c = 3, -2*m + 6 = -5*c. Let w be -27*((-10)/m - -3). Calculate the highest common divisor of w and 36.
9
Suppose 2*u - 3*h - 17 = -8*h, 0 = -u + 2*h + 4. Calculate the greatest common divisor of u and 129.
3
Let t(u) = -u**2 + 14*u - 17. Let z(s) = -2*s - 13. Let f be z(-6). Let h be (1/3)/(f/(-36)). Let r be t(h). Calculate the highest common factor of r and 56.
7
Let s(f) = -f - 3. Let h be s(-7). Suppose -172 = -2*z - h*u, -4*u - 132 = -4*z + 2*z. What is the highest common factor of z and 19?
19
Let y = -2100 - -2370. Calculate the greatest common divisor of 864 and y.
54
Let j be -3 - (-2 + -127) - (-48)/(-16). Calculate the greatest common factor of 205 and j.
41
Let m = 191 + 189. Calculate the greatest common factor of m and 20.
20
Let g(v) be the first derivative of -3*v**2 - 27*v + 6. Let x be g(-11). What is the greatest common factor of 78 and x?
39
Let a(f) = -14*f**2 - f + 15. Let t(w) = -5*w**2 + 5. Let i(q) = 6*a(q) - 17*t(q). Let n be i(11). Calculate the highest common divisor of 36 and n.
12
Let j = 59 - 54. Calculate the greatest common factor of j and 25.
5
Suppose 0 = 4*m - 8. Suppose 0*y + 4*y = -3*u - 8, 0 = -5*y - 10. Suppose 2*a - 7*z - 124 = -m*z, 3*z - 12 = u. Calculate the highest common factor of a and 8.
8
Suppose -63*d = -64*d + 50. Calculate the highest common divisor of 350 and d.
50
Let b be 136/(1 + 4 + -3). Let r = b - 48. What is the greatest common factor of 4 and r?
4
Suppose 3*a - 12 = -c, -2*c - 4*a + 8 + 8 = 0. Suppose c = -8*j + 564 + 12. Let y be (27/4)/(-3)*-4. Calculate the highest common factor of j and y.
9
Let p(x) = x**2 + 10*x - 42. Let t be p(-16). Calculate the greatest common factor of 1 and t.
1
Let t be 3 + (1 - 2) + 13. Let c be ((-50)/t)/(2/(-3)). Let x be (90 + 0)/(12/6). What is the greatest common divisor of x and c?
5
Suppose c - 6 = -3. Suppose c*o - 5*o + 4*s + 12 = 0, 0 = o - 3*s - 1. Calculate the highest common divisor of 16 and o.
16
Let v(f) = -21*f + 34. Suppose 4*b = -2*h, 0*b + 3 = b. Let o be v(h). Calculate the highest common factor of 32 and o.
32
Let t = -32 + 37. Suppose z = -t*z + 1104. What is the highest common factor of 23 and z?
23
Suppose -7*o + 13*o = 84. Calculate the greatest common divisor of 133 and o.
7
Let y(l) = l**3 + 8*l**2 + 8*l + 9. Suppose 16 = -5*x - 19. Let q be y(x). Suppose 0 = -11*o - 64 + 75. Calculate the highest common divisor of q and o.
1
Let i be (-14 + -13)/((-1)/3 - 0). Let k be (3 + -1)/(6/i). Calculate the greatest common divisor of 18 and k.
9
Let q(h) = h**2 + 4*h - 12. Let o be q(-6). Suppose 4*j - j = -3, -z - 4*j + 106 = o. What is the greatest common divisor of z and 11?
11
Let k(g) = -g**2 - 38*g - 52. Let s be k(-30). Calculate the highest common factor of s and 8.
4
Let b(m) = 14*m + 10. Let q be b(7). Let x = 23 + -14. Calculate the greatest common factor of q and x.
9
Let r = -945 + 953. What is the greatest common divisor of r and 9?
1
Let c = -148 - -151. Suppose q = 2*h + 24, 0 = q + c*h - 0*h - 4. Calculate the greatest common factor of 32 and q.
16
Suppose 0 = -6*s - 0*s. Suppose 2*w + 4 - 8 = s. Calculate the highest common divisor of w and 16.
2
Suppose -10*v + 3360 = 2*v. What is the greatest common factor of v and 21?
7
Let p be 4170/70 + 9/21. Suppose 2*k + 4*y = 8*y + 8, 32 = k + 5*y. Calculate the highest common divisor of p and k.
12
Let j be 243/(-6)*(-40)/60. Suppose -3*y - 3 = -0. Let o be y*(1 + 0)*-27. Calculate the highest common factor of o and j.
27
Let k(i) = -2*i + 22. Let r be k(15). Let j be ((-8)/(-10))/(r/(-260)). Calculate the highest common divisor of j and 78.
26
Suppose v - 5*v = -32. Suppose v*q = 611 + 157. Calculate the highest common divisor of q and 48.
48
Suppose 87*w - 88*w = -5*h + 1372, 5*h = -4*w + 1387. What is the highest common divisor of 110 and h?
55
Suppose 816 = 4*q - 284. Suppose m - 4*f + 45 = 2*m, -4*f = -4*m + 80. What is the greatest common factor of q and m?
25
Suppose 31 + 26 = 3*o. Let k = o + -30. Let u = k + 16. What is the greatest common factor of 55 and u?
5
Let z = -139 + -483. Let s be (-2)/10 + z/(-10). What is the highest common divisor of s and 31?
31
Let s(j) = -2*j + 1. Let b = 22 + -13. Suppose -b = 4*p - p. Let f be s(p). What is the highest common factor of 63 and f?
7
Let u(l) = l**2 + 9*l + 74. Let a be u(-7). Calculate the greatest common divisor of 105 and a.
15
Let h be (80 + 5)/(-1)*-2. What is the greatest common factor of h and 34?
34
Let j(x) = -10*x - 14. Let u be j(-2). Suppose u*n - 110 = 22. What is the greatest common factor of 4 and n?
2
Let t = 468 + 132. Calculate the greatest common factor of t and 12.
12
Let d(q) = -4*q + 407. Let o be d(37). Calculate the greatest common factor of o and 74.
37
Let a be (57/(-6))/(2/(-8)). Suppose -7*l + 568 = -97. Calculate the greatest common divisor of l and a.
19
Let t = -32 - -39. Let b(i) = 3*i + t + 3 + 2*i**2 - 7*i - 18. Let c be b(4). Calculate the greatest common divisor of c and 24.
8
Let f(i) = -i**3 - i**2 + 9*i - 7. Let j be f(-4). Suppose 0 = -9*h + 6*h + 3. Calculate the greatest common divisor of h and j.
1
Let p = 238 + -202. What is the highest common divisor of p and 27?
9
Let g = 55 + -55. Suppose 720 = 5*k - g*i + 4*i, 2*k + 3*i = 288. What is the highest common divisor of 18 and k?
18
Let b(z) = -5*z - 69. Let r be b(-14). Suppose 4*v - 26 = -4*i - 6, -4*v + 8 = -2*i. Suppose -6*g + v*g = -6. What is the greatest common divisor of g and r?
1
Let a = -556 - -561. Calculate the highest common divisor of a and 160.
5
Suppose 2047 = 14*q - 3133. Calculate the highest common factor of q and 40.
10
Let i = -453 + 643. Calculate the highest common divisor of i and 76.
38
Let t(l) = 7*l**2 - 4*l - 2. Let c be t(-4). Let d be (16 - 11)/(6/22) - 5/15. What is the greatest common divisor of d and c?
18
Let w = -893 + 1316. What is the highest common factor of w and 47?
47
Let r(t) = 3*t**3 - 6*t**2 + 11*t - 22. Let u be r(5). Calculate the greatest common factor of 6 and u.
6
Let p be (7 - 20/(-6)) + (-3)/9. Calculate the greatest common divisor of 5 and p.
5
Suppose -33 = -5*q + 27. Let u(i) be the third derivative of -i**4/6 - i**3/6 + 2*i**2. Let g be u(-1). Calculate the greatest common divisor of q and g.
3
Let n be ((-1140)/(-152))/(((-6)/(-8))/3). What is the highest common divisor of 330 and n?
30
Let m be (8/20)/(1/(-5)). Let a be (-5)/((-4)/(-32)*m). Let d be (50/(-3))/(2/(-12)). Calculate the highest common factor of a and d.
20
Let h(n) = 66*n**2 + 9*n - 27. Let a be h(3). What is the greatest common factor of 66 and a?
66
Suppose 77*n = 87*n - 250. Calculate the highest common factor of n and 60.
5
Let f = 563 - 360. What is the highest common factor of 58 and f?
29
Suppose 0 = 4*w + 5 - 17. Suppose -q = 4*q + 3*g - 189, g - w = 0. Ca